pose 0 = -7*r + 4*r + 4*t + 49, -4*r + 61 = -t. Let f(z) = 8*z**3 + 4*z**2 - 12*z + 19. Let x be f(2). What is the highest common factor of r and x?
15
Suppose 241*q - 235*q - 1710 = 0. Let y = q + -265. What is the highest common factor of 6 and y?
2
Let o(r) = r**2 - 2*r - 3. Let u be o(-5). Suppose -128*p + 444 = -91*p. Calculate the greatest common factor of p and u.
4
Let s = -59 + 59. Suppose s = 5*y + y + 78. Let r be -3*(0 - -1) - (4 + y). Calculate the greatest common factor of 66 and r.
6
Let s = -1795 - -1819. Calculate the highest common factor of 804 and s.
12
Suppose 0 = 6*o + o + 7. Let q be (o/2 + 0)/(6/(-12)). Let r be ((2 - q)*-8)/((-2)/8). What is the highest common divisor of 112 and r?
16
Suppose -2*r + 3*r + 3*b - 75 = 0, -2 = 2*b. Let m(k) = 30*k - 174. Let f be m(6). Calculate the highest common factor of r and f.
6
Suppose -8*z - z = -27. Suppose 0 = z*r + 9, 3*x = -2*x - 4*r - 202. Let g be (3 - (1 + 0))*x/(-4). What is the highest common divisor of g and 57?
19
Let m = 16601 - 15237. Calculate the highest common factor of m and 748.
44
Suppose -19 = 42*c - 1195. Let p be (-84)/15*740/(-8). Calculate the greatest common divisor of c and p.
14
Let r(v) = -132*v + 4. Let z be r(-3). Let y(a) = 3*a**3 - 8*a**2 - 25*a. Let j be y(5). Calculate the greatest common divisor of z and j.
50
Suppose -4*i - i + 502 = n, 2554 = 5*n + 3*i. Calculate the highest common divisor of n and 48.
16
Let h be (-83 - (-2 + -1))*(-54)/(-15). Let v = -233 - h. Let i = -31 - -53. What is the highest common divisor of i and v?
11
Let m(c) = -27*c - 6. Let i be m(-4). Let s = 49860 - 49554. Calculate the greatest common factor of i and s.
102
Let x = 63 + -58. Suppose -3 = 3*q - 4*a + 7, 0 = x*a - 20. What is the greatest common divisor of q and 32?
2
Let u = 220 + -165. Let w(h) = h**3 + 9*h**2 - h + 2. Let f be w(-9). What is the greatest common factor of u and f?
11
Suppose -136*b - 767894 + 1425451 + 1004907 = 0. Calculate the highest common divisor of b and 191.
191
Let m be 6/(-9) - (-212)/3. Let t(k) = -k**2 - 18*k + 294. Let a be t(10). What is the greatest common factor of m and a?
14
Let a be (16/(48/(-27)))/(-1 - (-2440)/2444). What is the greatest common factor of 13 and a?
13
Let r(s) = -2693*s - 1177. Let i be r(-5). What is the highest common divisor of 48 and i?
48
Suppose 3*h = -4*k - 0*h + 16, 20 = 5*h. Let o be k*(-5)/(-3)*3. Let j(p) = 5*p - 21. Let t be j(o). Calculate the greatest common divisor of t and 16.
4
Let p = 2206 - 1982. Calculate the highest common divisor of p and 36.
4
Let u = -192 - -192. Suppose 5*f - 128 = -h, h - 1 + 3 = u. Calculate the greatest common divisor of 2 and f.
2
Suppose u + 4*u - 5*j - 40 = 0, 0 = 3*u + 5*j + 8. Suppose 2*a = -u*a + 222. Suppose -41*k = -a*k - 616. What is the greatest common factor of k and 22?
22
Let o = 4 + 9. Suppose 5*w - o = 2*m, -3*m = -5*m + 3*w - 7. Let x be ((-18)/4)/((-17)/(-20) - m). Calculate the highest common factor of 5 and x.
5
Let g = -2001 - -9506. Calculate the highest common factor of g and 665.
95
Suppose -q - 2*y = -18, -6*y = -5*q - y + 30. Let a = 33 - q. Suppose 303 - 50 = g. Calculate the greatest common divisor of a and g.
23
Suppose 0 = -2*q + 3 - 5. Let m be (-12)/2*(q - (-8)/(-12)). Suppose 3*r = 338 - 8. What is the greatest common divisor of r and m?
10
Suppose -960 = -9*s - 3*s. What is the greatest common factor of 470 and s?
10
Let y = 8 + -3. Suppose -7*s + 8 = -9*s, -2*u - y*s + 4 = 0. What is the greatest common divisor of u and 3?
3
Suppose 347*j - 352*j + 5*t = -12335, j = -6*t + 2488. Calculate the greatest common divisor of j and 26.
26
Let h be (-60)/(-16)*((-24)/(-3))/(-1). Let j = -23 - h. Suppose -j*y - 175 = -12*y. Calculate the greatest common divisor of 5 and y.
5
Let s be (-3)/(15/(-95)) + 0. Let r = -18 + s. Suppose -3*u - 5*i + 67 = 0, -2*u + r = 2*i - 37. What is the highest common factor of u and 2?
2
Let a(j) = -j + 19. Let r be 8/28 - (-486)/63. Let d be a(r). What is the highest common divisor of d and 462?
11
Suppose -2051*r + 20280 = -1882*r. What is the highest common factor of r and 1536?
24
Let j be (-2 - -761) + -174 + 179. Calculate the highest common divisor of j and 4.
4
Suppose -28*q + 6330 = -2322. Let g = 311 - q. What is the greatest common factor of g and 326?
2
Let f(q) = -10*q - 50. Let v be (266/(-63) - (-2)/9)*2. Let g be f(v). What is the highest common factor of 30 and g?
30
Suppose 12*z - 9*z = 129. Let l = z + -38. Suppose l*r - 1 = 19. What is the greatest common divisor of 52 and r?
4
Let p be ((-8)/6)/((-16)/180). Let w be (-54)/p*(-300)/36. What is the greatest common factor of 165 and w?
15
Let u(w) = -w**2 - 19*w - 4. Let b be u(-11). Let i = 5 - 4. Suppose 5*j - 5*s = 374 - 54, -i = s. What is the greatest common factor of j and b?
21
Let k be (-39)/(-33) + -1 - 2391720/(-660). Calculate the highest common factor of k and 72.
24
Let i = 8744 - 8439. Calculate the highest common divisor of i and 488.
61
Suppose 0 = -4*n - 4*l + 70 + 22, -2*l = -n + 14. Let a = -425 - -515. What is the highest common divisor of n and a?
10
Suppose -h + 319 = -2*q, -28 - 1553 = -5*h + 3*q. Suppose 7*a - h = -14*a. What is the highest common divisor of 915 and a?
15
Let c be (-30)/6 - ((2 - 1) + 6233/(-1)). What is the highest common divisor of c and 13?
13
Let c be 1*15*4*2. Suppose 2*w = -7*t + 97, -5*t = -5*w - 6*t + 226. Calculate the greatest common factor of w and c.
15
Let q = -2166 - -2385. What is the greatest common factor of q and 3139?
73
Suppose -72*x - 66*x = -97*x - 287. Calculate the highest common divisor of x and 3290.
7
Let s be (-2)/3*(-846)/12. Let q be 3055*(-4)/30*210/(-140). What is the greatest common factor of q and s?
47
Let f be (0 + 66)*(-9 - (-56)/6). Suppose 2*n = 5*n + k - f, -3*n + 20 = -k. Calculate the greatest common factor of n and 413.
7
Let c be (-2)/(0 - (-14)/(-119))*4. Calculate the highest common factor of 170 and c.
34
Suppose 9*h - 365 = -2*j + 4*h, -3*j = 3*h - 552. Let a = -130 + j. Suppose -4 + 48 = 4*v. Calculate the highest common divisor of a and v.
11
Let t be (-16 + (-15 - 3374/(-56)))/(6/32). What is the greatest common factor of t and 10842?
78
Let c be ((-39)/2)/((-3)/52). Let s = c + -273. Calculate the greatest common factor of 65 and s.
65
Let x be 86*(28/8 + -3). Let b = 102962 - 51878. Let w be ((b/30)/(-11))/(4/(-10)). Calculate the highest common divisor of w and x.
43
Suppose 9*u - 59 = -14. Suppose 2*g = u*t - 3*t + 20, -38 = 3*t + g. Let z be t/(-18)*(-3)/(-2). Calculate the highest common factor of z and 11.
1
Let v(k) = -5*k**2 - 163*k + 98. Let y be v(-33). Let t = 40 + -25. Let u = 63 - t. Calculate the greatest common factor of u and y.
16
Let n be 4196/30 - (-9 - 1330/(-150)). Suppose 4*j = 4*g - 456, -3*g + j + 520 = 182. Calculate the greatest common factor of g and n.
28
Let f = 36 - 32. Suppose k - f*g - 38 = 0, -2*g = 5*k - 6*g - 110. Suppose k + 6 = 6*o. What is the highest common divisor of 16 and o?
4
Let y = -67 - -133. Let z = y + -63. Suppose 0 = 3*c - 5*c + 6. What is the greatest common divisor of c and z?
3
Suppose -4*o + 8 = 0, 2*o = -2*l - 3 + 17. Suppose 7 = -0*c - c + f, c - 5*f = l. Let y be c/75 + 1356/45. Calculate the highest common divisor of y and 105.
15
Let d = 11482 + -3406. Calculate the highest common factor of 12 and d.
12
Suppose 185*s - 28917 = 66*s. Calculate the highest common factor of s and 9.
9
Let i = -5 + 8. Let a(j) = 47473*j + 332353. Let k be a(-7). Calculate the highest common factor of i and k.
3
Let y = -28 + 53. Let f(n) = n**2 + 6*n - 10. Let c be f(-8). Let a be c/54 - 3598/(-18). What is the highest common divisor of y and a?
25
Suppose 2*l = 7*l - 3*x + 113, 83 = -4*l - 5*x. Let k(o) = -6*o - 92. Let w be k(l). What is the greatest common factor of w and 320?
40
Suppose -121*v + 118*v = -1575. What is the highest common factor of v and 225?
75
Let q(c) = c**2 - 5*c - 431. Let v be q(0). Let y = v - -435. Calculate the greatest common factor of 108 and y.
4
Let h be 393/4*(-88)/(-66). Calculate the highest common factor of h and 131.
131
Suppose -48*g + 53*g + 4*y = 3154, -2*g + 3*y = -1257. Calculate the highest common factor of g and 324.
18
Let s be -2 - 99/(-48) - (-343005)/3120. Calcu